he remainder when 373 is divided by 25.
23
Calculate the remainder when 129 is divided by 49.
31
Calculate the remainder when 669 is divided by 225.
219
Calculate the remainder when 306 is divided by 44.
42
Calculate the remainder when 645 is divided by 78.
21
Calculate the remainder when 116 is divided by 45.
26
Calculate the remainder when 764 is divided by 45.
44
What is the remainder when 2411 is divided by 71?
68
Calculate the remainder when 246 is divided by 125.
121
Calculate the remainder when 345 is divided by 12.
9
Calculate the remainder when 344 is divided by 84.
8
What is the remainder when 924 is divided by 37?
36
What is the remainder when 395 is divided by 22?
21
Calculate the remainder when 266 is divided by 95.
76
Calculate the remainder when 26389 is divided by 65.
64
Calculate the remainder when 44 is divided by 9.
8
Calculate the remainder when 830 is divided by 103.
6
What is the remainder when 157 is divided by 76?
5
What is the remainder when 265 is divided by 19?
18
Calculate the remainder when 793 is divided by 28.
9
Calculate the remainder when 2608 is divided by 7.
4
What is the remainder when 700 is divided by 78?
76
What is the remainder when 146 is divided by 27?
11
What is the remainder when 1328 is divided by 42?
26
Calculate the remainder when 70 is divided by 19.
13
What is the remainder when 270 is divided by 15?
0
What is the remainder when 1298 is divided by 47?
29
Calculate the remainder when 515 is divided by 48.
35
What is the remainder when 1075 is divided by 27?
22
What is the remainder when 814 is divided by 405?
4
What is the remainder when 4560 is divided by 1515?
15
Calculate the remainder when 1276 is divided by 142.
140
What is the remainder when 144 is divided by 30?
24
Calculate the remainder when 3913 is divided by 103.
102
What is the remainder when 24 is divided by 9?
6
Calculate the remainder when 35704 is divided by 11.
9
What is the remainder when 8221 is divided by 18?
13
What is the remainder when 16909 is divided by 16?
13
Calculate the remainder when 2535 is divided by 628.
23
What is the remainder when 250 is divided by 148?
102
Calculate the remainder when 379 is divided by 10.
9
Calculate the remainder when 58 is divided by 9.
4
What is the remainder when 144 is divided by 19?
11
Calculate the remainder when 3432 is divided by 111.
102
What is the remainder when 122 is divided by 7?
3
What is the remainder when 1565 is divided by 112?
109
What is the remainder when 262 is divided by 127?
8
Calculate the remainder when 338 is divided by 31.
28
What is the remainder when 256 is divided by 25?
6
What is the remainder when 1257 is divided by 180?
177
Calculate the remainder when 96 is divided by 43.
10
What is the remainder when 9 is divided by 6?
3
Calculate the remainder when 116 is divided by 15.
11
What is the remainder when 239 is divided by 6?
5
Calculate the remainder when 904 is divided by 131.
118
Calculate the remainder when 2665 is divided by 58.
55
What is the remainder when 9898 is divided by 165?
163
What is the remainder when 163 is divided by 44?
31
What is the remainder when 1052 is divided by 348?
8
Calculate the remainder when 129 is divided by 9.
3
Calculate the remainder when 16941 is divided by 43.
42
Calculate the remainder when 419 is divided by 42.
41
Calculate the remainder when 16690 is divided by 26.
24
Calculate the remainder when 44 is divided by 6.
2
Calculate the remainder when 930 is divided by 24.
18
What is the remainder when 119 is divided by 34?
17
Calculate the remainder when 94 is divided by 5.
4
Calculate the remainder when 737 is divided by 194.
155
Calculate the remainder when 111 is divided by 46.
19
What is the remainder when 1246 is divided by 412?
10
Calculate the remainder when 4382 is divided by 43.
39
Calculate the remainder when 596 is divided by 43.
37
What is the remainder when 82 is divided by 62?
20
Calculate the remainder when 820 is divided by 137.
135
Calculate the remainder when 603 is divided by 122.
115
What is the remainder when 1373 is divided by 125?
123
Calculate the remainder when 116 is divided by 64.
52
Calculate the remainder when 291 is divided by 115.
61
Calculate the remainder when 139 is divided by 90.
49
What is the remainder when 4230 is divided by 2113?
4
What is the remainder when 521 is divided by 259?
3
Calculate the remainder when 1591 is divided by 54.
25
What is the remainder when 56 is divided by 11?
1
Calculate the remainder when 467 is divided by 5.
2
What is the remainder when 640 is divided by 36?
28
Calculate the remainder when 953 is divided by 11.
7
What is the remainder when 1035 is divided by 130?
125
What is the remainder when 2945 is divided by 24?
17
Calculate the remainder when 5015 is divided by 251.
246
Calculate the remainder when 77 is divided by 15.
2
Calculate the remainder when 33801 is divided by 9.
6
Calculate the remainder when 164 is divided by 14.
10
What is the remainder when 110 is divided by 29?
23
What is the remainder when 1354 is divided by 14?
10
Calculate the remainder when 594 is divided by 127.
86
Calculate the remainder when 743 is divided by 40.
23
What is the remainder when 1746 is divided by 70?
66
Calculate the remainder when 123 is divided by 21.
18
What is the remainder when 2952 is divided by 46?
8
Calculate the remainder when 975 is divided by 4.
3
What is the remainder when 3866 is divided by 60?
26
Calculate the remainder when 460 is divided by 33.
31
Calculate the remainder when 49 is divided by 20.
9
What is the remainder when 2491 is divided by 166?
1
Calculate the remainder when 1291 is divided by 36.
31
Calculate the remainder when 440 is divided by 361.
79
What is the remainder when 4065 is divided by 214?
213
Calculate the remainder when 560 is divided by 16.
0
What is the remainder when 467 is divided by 338?
129
Calculate the remainder when 887 is divided by 111.
110
Calculate the remainder when 1353 is divided by 151.
145
What is the remainder when 15272 is divided by 65?
62
What is the remainder when 105 is divided by 46?
13
Calculate the remainder when 312 is divided by 9.
6
What is the remainder when 43 is divided by 11?
10
What is the remainder when 123 is divided by 21?
18
Calculate the remainder when 400 is divided by 134.
132
What is the remainder when 535 is divided by 175?
10
What is the remainder when 163 is divided by 14?
9
What is the remainder when 1897 is divided by 38?
35
Calculate the remainder when 167 is divided by 58.
51
What is the remainder when 1189 is divided by 92?
85
Calculate the remainder when 64749 is divided by 125.
124
Calculate the remainder when 2935 is divided by 10.
5
Calculate the remainder when 8376 is divided by 118.
116
Calculate the remainder when 9751 is divided by 212.
211
Calculate the remainder when 408 is divided by 85.
68
Calculate the remainder when 92 is divided by 51.
41
Calculate the remainder when 734 is divided by 243.
5
What is the remainder when 78 is divided by 50?
28
Calculate the remainder when 279 is divided by 98.
83
What is the remainder when 165 is divided by 54?
3
Calculate the remainder when 963 is divided by 117.
27
Calculate the remainder when 131 is divided by 10.
1
Calculate the remainder when 1594 is divided by 114.
112
What is the remainder when 519 is divided by 22?
13
Calculate the remainder when 166 is divided by 75.
16
What is the remainder when 242 is divided by 55?
22
What is the remainder when 1682 is divided by 44?
10
Calculate the remainder when 23 is divided by 9.
5
What is the remainder when 1660 is divided by 24?
4
What is the remainder when 3660 is divided by 141?
135
Calculate the remainder when 75 is divided by 7.
5
What is the remainder when 157 is divided by 27?
22
What is the remainder when 61 is divided by 8?
5
What is the remainder when 308 is divided by 31?
29
Calculate the remainder when 389 is divided by 56.
53
Calculate the remainder when 30 is divided by 19.
11
What is the remainder when 94 is divided by 48?
46
What is the remainder when 59 is divided by 44?
15
Calculate the remainder when 1126 is divided by 30.
16
Calculate the remainder when 1633 is divided by 5.
3
Calculate the remainder when 233 is divided by 12.
5
What is the remainder when 184 is 